 and 99?
33
What is the greatest common factor of 1248 and 10144?
32
What is the greatest common factor of 319 and 2497?
11
What is the greatest common divisor of 63846 and 84?
6
What is the highest common divisor of 964280 and 40?
40
What is the highest common factor of 251596 and 372?
124
Calculate the highest common factor of 144 and 361548.
36
Calculate the greatest common divisor of 101215 and 465.
155
What is the greatest common divisor of 804 and 57285?
201
What is the highest common factor of 14 and 26579?
7
What is the greatest common factor of 35871 and 165?
33
What is the highest common factor of 777290 and 608?
38
Calculate the highest common factor of 4424 and 17472.
56
Calculate the greatest common factor of 2145572 and 124.
124
What is the greatest common factor of 25 and 369965?
5
Calculate the greatest common divisor of 993 and 1195903.
331
What is the greatest common factor of 142476 and 1581?
93
What is the greatest common factor of 1250 and 16000?
250
Calculate the greatest common divisor of 765 and 213.
3
What is the highest common divisor of 32671 and 851?
37
What is the greatest common factor of 1314 and 414?
18
What is the highest common factor of 21682 and 11692?
74
Calculate the greatest common divisor of 788856 and 24.
24
What is the greatest common divisor of 88 and 129283?
11
Calculate the greatest common divisor of 644 and 58696.
92
Calculate the highest common factor of 2070 and 7470.
90
What is the greatest common factor of 1698293 and 2228?
557
Calculate the greatest common divisor of 413100 and 816.
204
Calculate the highest common factor of 1515 and 165.
15
Calculate the greatest common factor of 21466 and 2.
2
What is the highest common divisor of 1474 and 169466?
22
Calculate the highest common divisor of 48708 and 324.
108
Calculate the highest common divisor of 15932 and 574.
14
What is the highest common factor of 576 and 6534?
18
What is the greatest common divisor of 12 and 267024?
12
Calculate the greatest common factor of 114 and 1866.
6
What is the highest common divisor of 4572 and 471678?
762
What is the highest common factor of 6324640 and 2240?
1120
Calculate the highest common divisor of 5472 and 1786.
38
Calculate the highest common divisor of 120 and 88120.
40
Calculate the highest common divisor of 6919 and 370.
37
Calculate the highest common factor of 182 and 8398.
26
Calculate the highest common divisor of 41008 and 2552.
88
Calculate the greatest common factor of 1667569 and 23.
23
What is the highest common factor of 64460 and 770?
110
Calculate the highest common factor of 102351 and 3443.
313
Calculate the highest common factor of 176 and 12903.
11
Calculate the greatest common factor of 8162 and 13409.
583
What is the highest common divisor of 40868 and 204?
68
Calculate the greatest common factor of 39580 and 1260.
20
What is the greatest common divisor of 9078 and 24480?
102
What is the highest common factor of 42918 and 2484?
138
What is the highest common divisor of 320120 and 59645?
755
Calculate the highest common divisor of 383911 and 187.
187
What is the highest common divisor of 8450 and 2925?
325
Calculate the highest common factor of 810320 and 5320.
280
Calculate the greatest common factor of 350 and 13020.
70
Calculate the greatest common factor of 1600 and 3650.
50
What is the greatest common divisor of 18 and 10002?
6
What is the highest common divisor of 326 and 107417?
163
Calculate the highest common divisor of 210 and 12570.
30
Calculate the highest common factor of 11659 and 23711.
131
What is the greatest common divisor of 354556 and 548?
548
What is the greatest common factor of 256 and 197416?
8
Calculate the greatest common divisor of 2112 and 432.
48
What is the greatest common divisor of 57 and 145217?
19
What is the greatest common divisor of 10 and 13925?
5
What is the greatest common divisor of 792 and 94776?
264
Calculate the greatest common divisor of 107765 and 14.
7
What is the highest common divisor of 44850 and 414?
138
What is the highest common factor of 98679 and 6993?
777
What is the highest common factor of 120 and 30216?
24
What is the greatest common divisor of 819392 and 56?
56
Calculate the greatest common divisor of 225 and 167295.
15
What is the greatest common divisor of 728 and 14504?
56
Calculate the greatest common divisor of 476 and 3241.
7
What is the greatest common divisor of 203000 and 560?
280
Calculate the greatest common divisor of 12 and 7252.
4
Calculate the greatest common divisor of 429777 and 85.
17
What is the highest common factor of 83535 and 60?
15
What is the greatest common factor of 136802 and 2555?
73
Calculate the highest common divisor of 3493 and 56.
7
Calculate the highest common divisor of 8980 and 2960.
20
Calculate the highest common divisor of 57296 and 1328.
16
Calculate the greatest common divisor of 56 and 31864.
56
Calculate the highest common factor of 6743 and 61913.
613
Calculate the highest common factor of 54 and 3172194.
18
What is the greatest common divisor of 16 and 36136?
8
Calculate the highest common divisor of 144 and 121104.
144
What is the greatest common divisor of 1884 and 276?
12
Calculate the greatest common factor of 732960 and 4320.
1440
Calculate the highest common divisor of 26 and 2167555.
13
What is the highest common divisor of 11024 and 4264?
104
Calculate the highest common factor of 1513 and 96387.
89
What is the greatest common divisor of 4347 and 1357?
23
Calculate the greatest common factor of 14014 and 350.
14
Calculate the highest common factor of 31000 and 7688.
248
What is the highest common factor of 1041435 and 45?
45
What is the highest common factor of 14608 and 8?
8
What is the greatest common factor of 123611 and 71?
71
Calculate the highest common factor of 1654219 and 357.
119
Calculate the highest common divisor of 19526 and 1040.
26
Calculate the greatest common divisor of 224 and 565096.
56
Calculate the highest common divisor of 18693 and 1675.
67
Calculate the highest common divisor of 44 and 638.
22
Calculate the greatest common divisor of 1062 and 342.
18
What is the highest common factor of 527 and 560201?
527
Calculate the highest common factor of 44 and 243771.
11
Calculate the greatest common factor of 4 and 22669.
1
Calculate the highest common factor of 11 and 3027728.
11
What is the highest common divisor of 10569 and 519?
3
What is the highest common divisor of 17910 and 2556?
18
What is the highest common divisor of 860 and 66630?
10
Calculate the greatest common divisor of 3099 and 6.
3
Calculate the highest common factor of 20071986 and 358.
358
What is the greatest common divisor of 116 and 52229?
29
What is the highest common factor of 19 and 22918104?
19
What is the highest common factor of 5244 and 836?
76
What is the highest common divisor of 50 and 724975?
25
What is the highest common divisor of 2794 and 762?
254
Calculate the highest common factor of 2128 and 21128.
152
What is the highest common divisor of 1337061 and 66?
33
What is the highest common factor of 4747 and 4646?
101
Calculate the greatest common divisor of 31794 and 42.
42
Calculate the greatest common divisor of 726 and 117854.
242
Calculate the highest common factor of 98884 and 472.
236
Calculate the highest common factor of 57018 and 714714.
1326
What is the highest common factor of 70 and 144420?
10
Calculate the highest common divisor of 598096 and 1276.
116
What is the greatest common divisor of 530 and 186030?
530
Calculate the greatest common divisor of 150 and 771.
3
Calculate the highest common factor of 57 and 16321.
19
Calculate the highest common factor of 610 and 190.
10
Calculate the greatest common divisor of 40 and 299890.
10
Calculate the greatest common factor of 135565 and 190.
95
What is the highest common divisor of 11858 and 294?
98
What is the highest common divisor of 402653 and 9731?
263
What is the highest common divisor of 1218 and 717837?
87
What is the greatest common factor of 439830 and 30?
30
What is the highest common divisor of 219765 and 2205?
735
What is the highest common divisor of 33335 and 590?
295
What is the highest common factor of 240692 and 76?
76
What is the greatest common factor of 2651894 and 42?
14
Calculate the 